 Let y(n) = -n - 6. Calculate y(u).
-1
Let f(m) = m**3 + m**2 - 2*m - 8. Let l(i) = -3*i**3 - 4*i**2 + 6*i + 23. Let d(g) = -g**3 + 4*g**2 - 3. Let j be d(4). Let c(b) = j*l(b) - 8*f(b). Give c(-4).
3
Let q(l) = 2*l**3 + 1. Suppose 0 = -2*n - 2 + 4. Let z be q(n). Let d(u) = -u + 2. Calculate d(z).
-1
Let z(f) = f - 2*f - 1 + 6*f - 4*f. Let v(s) = -6*s**3 - 2*s**2 - 2*s - 1. Suppose 7*w + 4 = 3*w. Let d be v(w). What is z(d)?
4
Let x(t) be the first derivative of -t**4/4 - t**3 + 2*t**2 + 4*t - 7. Determine x(-4).
4
Let c(i) = i**2 + 4*i. Let k be c(-3). Let u(h) = h**2 - 3*h + 2. Let y(a) = 6*a**2 - 16*a + 11. Let w(x) = 11*u(x) - 2*y(x). Give w(k).
-6
Let r(p) = -p**3 + 6*p**2 - 4*p - 1. Let g(v) = -v + 1. Let t be g(-5). Suppose 5*n - 37 = -2*a - t, -a + 5*n + 8 = 0. Let d = a - 8. Give r(d).
4
Let y(a) = -a**3 - a**2 + a + 5. Let x(z) = 2*z + 2. Let n be x(-3). Let g = n - -4. Determine y(g).
5
Let r(x) be the second derivative of x**4/12 - x**3/3 + 2*x**2 + 13*x. Give r(5).
19
Let b = -13 + 15. Let x(f) = 0 + 1 - b*f - 2. What is x(-5)?
9
Let p(h) = -h**2 + 4*h - 3. Suppose -4*b - 9 = -25. Suppose g = 2*g + b. Let i = g - -6. Calculate p(i).
1
Suppose 0 = -5*z + 3*t - 7, -z - 24 = -5*z - 5*t. Let u(b) = 15*b**2 + 1. What is u(z)?
16
Let y = 11 + -16. Let b(f) = f**3 + 6*f**2 + 5*f + 3. Determine b(y).
3
Let f(b) = -b - 3. Let s be f(-7). Let z(r) = 0*r**2 + 3*r**2 - s*r**2 + 4*r - 3. Let l(n) = -2*n - 5. Let a be l(-5). Calculate z(a).
-8
Suppose -6*b + 60 = -b. Let g = b - 9. Let v(m) = 2*m - 4. Determine v(g).
2
Let t(z) = z**3 + 8*z**2 - 4*z + 5. Let w be t(-8). Let n be 1/(-3) + (-448)/(-12). Let l(b) = -w - b + n. Calculate l(-1).
1
Let p = -4 - -8. Let l(c) be the third derivative of -c**5/60 + c**4/6 - c**3/3 - 2*c**2. What is l(p)?
-2
Let h(z) be the second derivative of -z**5/20 + 5*z**4/12 - 2*z**3/3 + z**2 + 2*z. Let a = -13 + 16. Calculate h(a).
8
Suppose 0 = -20*h + 22*h - 8. Let d(k) = k**3 - 5*k**2 + 5*k + 1. Calculate d(h).
5
Let c be (-9)/2 - 6/12. Let j(h) = -h**3 - 1. Let s(o) = -5*o**3 + 4*o**2 - 2*o + 1. Suppose -2*f + f = 1. Let k(x) = f*s(x) + 6*j(x). What is k(c)?
8
Let b(h) = -h - 6. Let y = -10 + 14. Suppose 2*w + y = -6. Calculate b(w).
-1
Let u(a) = -a**2 - 1. Let g(f) = 4*f**3 - 4*f**2 - 3. Let q(t) = -g(t) + 4*u(t). Suppose w = -4*l + 20, 2*w + w = l - 5. Suppose 2 = -2*k - w*k. Calculate q(k).
3
Let t(j) be the second derivative of j**5/20 - j**4/3 + 3*j**2/2 - j. What is t(4)?
3
Let j(q) = q**3 + 10*q**2 - 9*q + 27. Let i be j(-11). Let b(v) = v**2 - 3*v - 6. What is b(i)?
4
Let n(o) = -o**3 - 2*o**2 + o + 2. Suppose 0 = -w - 4*w + 5. Let q(v) = v**2 + 1. Let l(c) = w*n(c) - 2*q(c). Calculate l(-3).
-12
Let y(c) = -c**2 - 5*c + 2. Let x(d) = -d**3 + 17*d**2 - 15*d - 20. Let i be x(16). Determine y(i).
6
Let m(u) = 3*u**2 - 3*u**3 - 2*u**2 + 3*u**3 - 14*u**3. Give m(-1).
15
Let r(v) be the third derivative of v**4/24 - v**3/2 - 16*v**2. Give r(2).
-1
Let p(l) = 3 - 12*l - 21*l + l**2 + 39*l. Determine p(-2).
-5
Suppose -2*p = 2*l - 5*l + 28, 20 = -4*p - 3*l. Let g(w) be the third derivative of w**4/24 + 17*w**3/6 - 23*w**2. Calculate g(p).
9
Let k(q) = 5*q - 1 - 1 + 2*q. Let a(n) = 4*n - 1. Let j(i) = 13*a(i) - 6*k(i). Calculate j(-1).
-11
Suppose 5*g + 3*p = 4*p - 28, 5*g - 2*p = -31. Let o be (-3 + 2)/((-2)/6). Let d(u) = 3*u**2 + 0*u**o + 2*u**2 + u**3 + 3. Determine d(g).
3
Let j(r) = 3*r + 1. Let f(m) = m**2 + 3*m + 2. Let t be f(-3). Suppose -2*q - t*q + 16 = 0. Let v = 6 - q. Determine j(v).
7
Let z = -13 - -20. Let a(h) = -h + 0*h + 2*h + z - 8. Give a(-2).
-3
Let o(j) be the second derivative of j**4/12 + 5*j**3/6 - 9*j**2/2 - 10*j. What is o(-7)?
5
Let o(d) = 3*d**2 - 4*d**2 - 2*d + 8*d - 4*d - 1 + 5*d. Suppose k - 2*h - 8 = 0, k - 2 = -h - 3*h. What is o(k)?
5
Let x(i) = 4*i**3 + 10*i**2 + 2*i - 2. Let p(j) = 5*j**3 + 11*j**2 + 2*j - 1. Let c(v) = -5*p(v) + 6*x(v). Determine c(5).
3
Suppose -10 = 2*y + 3*y. Suppose -3*a = -4*c - a - 34, -4*c + 3*a - 39 = 0. Let o be y/12 + (-25)/c. Let h(x) = x**3 - 4*x**2 - x - 1. What is h(o)?
-5
Suppose -3*k = -109 + 31. Suppose 5*g = k - 1. Let c(q) = q**2 - 6*q + 3. What is c(g)?
-2
Suppose 5*n - 3*m = 16, 0 = -2*m + 4*m - 6. Let h(t) = 2*t - 10. Let v(a) = a - 5. Let i(l) = n*v(l) - 2*h(l). Calculate i(0).
-5
Let b(l) = -l - 10. Let a be b(-15). Let p(i) = i**2 - 5*i - 4. Give p(a).
-4
Let x(t) = -t**2 + t - 2. Let b(h) = -3*h**2 + 3*h - 4. Let m(s) = 4*b(s) - 10*x(s). Let c be ((-2)/(-1 - 1))/(-1). Let u = 2 - c. What is m(u)?
-8
Let d be (15/(-12) + 2)*-4. Let k(t) = -t**3 - 2*t**2 - 2*t + 4. Let g(m) = m**3 + m**2 + m - 3. Let y(s) = d*g(s) - 2*k(s). Calculate y(2).
-1
Let o(k) = k**2 - k + 3. Let m be o(2). Let r(v) = -4*v**3 + 3*v**3 - 4 + 7*v + 2*v**3 - 6*v**2. Determine r(m).
6
Let b(h) = 17*h**2 - h. Let c be b(1). Suppose -3*a = 2*y - 4, -3*y - y + c = 2*a. Let n be (-5)/10 + 7/a. Let d(k) = k**2 + 4*k + 2. Give d(n).
2
Let c(v) = -2*v**2 + 3*v - 2. Suppose -5*s = 6 + 19. Let k = -3 - s. Let m be c(k). Let x(d) = -d**2 - 5*d - 2. Give x(m).
2
Suppose -8 = -w - 5*x, 2 = 3*w - 0*w + 4*x. Let s = w + -1. Let t(b) = b**3 + 3*b**2 + 2*b + 3. Determine t(s).
-3
Let s be (-2)/6 - (-4)/12. Let n(u) = 2 - 3 + s + 2 + u. Determine n(1).
2
Let l(y) = y**2. Let o(b) = -b**3 - b**2 - b - 4. Let h(i) = -3*l(i) + o(i). Give h(-3).
-10
Let o(t) = -3*t + 2. Let i = 22 + -18. Give o(i).
-10
Let s(n) = n**2 + 3*n + 5. Suppose 3*a - 1 + 13 = 0. Determine s(a).
9
Suppose -d + 4 = -5*a, -4*a - 2*d = -5*d + 1. Let b(l) = l**3 + l**2 + 1. Calculate b(a).
1
Let c(b) = 7*b**3 + 13*b**2 + 6*b + 1. Let x(a) = -20*a**3 - 38*a**2 - 17*a - 3. Let h(d) = -17*c(d) - 6*x(d). Determine h(-7).
1
Let l(w) = -w - 1. Suppose 0 = r + i + 3, 2*r = -i - 2*i - 3. Let b = -6 - r. What is l(b)?
-1
Let k(f) be the first derivative of -f**4/4 - 11*f**3/3 + 6*f**2 + 5*f + 3. Let v be k(-12). Let l(x) = -x**3 + 4*x**2 + 3*x + 2. Determine l(v).
-8
Let u(b) = 2*b + 8. Suppose 4*o - 6*o - 12 = 0. Calculate u(o).
-4
Let x(k) be the first derivative of k**7/840 + k**6/180 + k**5/120 + k**4/24 - 2*k**3/3 + 4. Let c(o) be the third derivative of x(o). Calculate c(-2).
-1
Suppose 0*a = -3*a - 3. Let n(c) be the first derivative of 7*c**2/2 + c - 10. Give n(a).
-6
Let s(m) = 3*m**2 + 1. Suppose -4*o + 5 = 3*z + 3, -o + 2*z = -6. Calculate s(o).
13
Suppose o - 4*c + 19 = 0, 2*c = 4*o + 5*c + 19. Let p(s) = s**3 + 8*s**2 + 6*s - 8. Determine p(o).
-1
Let p(h) = 3*h + 5. Let w(j) = -4*j - j + 2*j - j**2. Suppose 2*b + 5*f = f - 12, 0 = -2*f - 2. Let m be w(b). Determine p(m).
-7
Let u(z) = -z**3 - 4*z**2 - 2*z - 5. Suppose 6 = -2*s - 2. Calculate u(s).
3
Suppose 5*b = -c + 13, 0*c - b + 1 = c. Let m(p) = -2*p**3 - 3*p**2 - p + 1. Give m(c).
7
Suppose 2*n - 4*n - 8 = 0, g - 19 = 3*n. Let y(u) = -u**2 + 7*u + 2. Calculate y(g).
2
Let y(q) be the second derivative of 1/3*q**4 + 0*q**3 + 0 - 2*q + 0*q**2. Calculate y(1).
4
Suppose 0 = -3*a - 3 + 24. Let t(n) = -2*n + 10. What is t(a)?
-4
Let r(j) = -2*j**3 - 3*j**2 - j - 2. Let y be ((-16)/12)/(8/12). What is r(y)?
4
Suppose -2*u = -4*f + 3*u - 18, 2 = -5*f - 4*u. Let s(k) = -2*k**3 - k**2 + 3*k + 2. Give s(f).
8
Suppose -5*p - 3*f + 24 = -0*f, 16 = 4*p + 4*f. Let a(h) = h**3 - 7*h**2 + 5*h + 1. Calculate a(p).
-5
Let p(l) = -2*l**2 - 2 + 2 - l - 1. Let h(i) = i**3 + 5*i**2 + 5*i + 3. Let t = 7 - 11. Let a be h(t). Give p(a).
-2
Let q(i) = -5*i**3 + i**2 - 2*i + 1. Let g(j) = -j**3 - 1. Let x(r) = r**3 - r + 5. Let s(d) = 5*g(d) + x(d). Let h(c) = -3*q(c) + 4*s(c). Determine h(-3).
-9
Let l(v) be the second derivative of v**6/360 - v**5/120 - v**4/6 - v**3/2 + 6*v. Let b(z) be the second derivative of l(z). Give b(3).
2
Let n(d) be the first derivative of d**2/2 + 78. Calculate n(2).
2
Let x(y) be the first derivative of 2*y**2 - 29*y - 6 + 28*y + 3. Suppose -4*i - i = -10. Give x(i).
7
Let z(b) = -b**2 - 8*b - 8. Suppose -2*o - 16 = 2*v, 0 = -3*o + v - 16. Calculate z(o).
4
Let d(f) = -f**3 + 3*f**2 + 5*f + 2. Let u be d(4). Let b(n) be the first derivative of -n**3 + u*n + 7/2*n**2 + 1 - 1/4*n**4. Determine b(-4).
-6
Let c(g) = -2*g**3 - g**2 + 2*g - 1. Let y(f) = -f**2 + f + 42. Let p be y(0). Let q be 4/(-14) + 380/7. Let m be p/q - 2/(-9). What is c(m)